ppose 2*s - 4*i + 0*i = 18, -4*i = -3*s + 23. Suppose -s*n + 21 = -2*n - 3*l, -5*l + 20 = 0. Suppose 62 = 4*p + 2*j, j + 4*j = -2*p + n. Does 7 divide p?
False
Let t be -1 - 1 - 5/(-1). Suppose -2*k = t*k + 40. Does 3 divide ((-4)/k)/((-2)/(-24))?
True
Suppose 2*k + 2*s - 6 = 0, s - 8 = -4*k + 1. Suppose 0 = -y - k, -5*y + 0 = p - 7. Suppose m + p = 52. Is m a multiple of 17?
False
Does 33 divide 1*66*(-8)/(-4)?
True
Suppose 0 = 2*w + 50 - 4. Let a = -3 - w. Is a a multiple of 10?
True
Let u = -12 - -11. Is 5 a factor of 17 - (u - (-2 + 4))?
True
Let x = -53 + 75. Suppose x = -0*p + 2*p. Let s = p - 6. Is s a multiple of 2?
False
Let x(m) = -m**2 + 3*m. Let n be x(3). Suppose n = 4*l - 3*k + 12, l + k = 2*k - 4. Suppose 4*b - 3*b - 12 = l. Is b a multiple of 7?
False
Let h = -66 + 128. Is h a multiple of 31?
True
Let q(g) = g**2 - g - 1. Let h be q(3). Suppose -3*x + h = -2*x. Suppose 4*c - 2 = 18, 3*k + x*c = 94. Does 15 divide k?
False
Suppose 68 = 5*f - 37. Does 8 divide f?
False
Let z = -84 - -133. Does 24 divide z?
False
Let f = -8 - -8. Suppose f = -5*a + q + 42 + 59, 2*q - 38 = -2*a. Does 11 divide a?
False
Let r(n) = n**3 + 2*n**2 - 2*n - 2. Let f be r(-2). Suppose 2*w = -8 - f, 25 = a - 4*w. Does 3 divide a?
False
Suppose 0 = -4*p - 2*u + 22, -p - 2*u + 17 = 2*p. Let a(t) = 10*t - 6. Does 22 divide a(p)?
True
Let n = 7 - 4. Suppose 80 = 2*h + 4*x, -x - 48 = -2*h + n*x. Is h a multiple of 11?
False
Suppose -20 - 70 = -5*v. Is 4/v - 2152/(-36) a multiple of 30?
True
Let k = 171 + -87. Is k a multiple of 21?
True
Let n(j) = -81*j + 1. Let h be n(-1). Suppose -m - 2*z = -28, -5*z - 82 = -4*m + h. Does 12 divide m?
True
Let t = 115 - 109. Is 6 a factor of t?
True
Let k = -64 - -200. Is 34 a factor of k?
True
Let l be (8/(-12))/((-1)/3). Does 8 divide ((-1)/l)/(1/(-34))?
False
Let o(i) = -13*i - 2. Is 13 a factor of o(-2)?
False
Let z = -270 - -399. Suppose 2*f - 5*l - 201 = -f, 2*f - z = 5*l. Suppose 0*o = -4*o + f. Is 9 a factor of o?
True
Let r = -7 - -10. Let v(g) = 3*g**3 - 3*g**2 - 3*g - 3. Is 21 a factor of v(r)?
True
Suppose 1 - 5 = -u. Suppose 0 = -u*h - 3 + 163. Suppose z + 56 = 5*m - 0*m, h = 2*m + 4*z. Is m a multiple of 10?
False
Suppose r = 5*m + 4*r - 173, -2*m = r - 69. Does 9 divide m?
False
Let u(f) = -3*f**3 - 2*f**2 - f. Let s be u(-2). Suppose o - s = -2*o. Suppose -5*i + 19 = -o. Is i even?
False
Suppose 2*k = 1 + 5. Suppose 5*h = k + 117. Does 12 divide h?
True
Let y be 3*6/(-45)*-10. Let w(f) = -f**3 + 7*f**2 - 2*f + 4. Does 11 divide w(y)?
True
Suppose 0*g = g. Let z(t) = -t**2 + t - 11*t + g*t**2 - 10. Is z(-8) a multiple of 4?
False
Suppose -4*q + h + 1141 = -0*h, h + 1 = 0. Is q a multiple of 19?
True
Suppose 131 + 319 = 3*m. Does 33 divide m?
False
Let a = 30 - 61. Suppose 39 + 6 = j. Let y = j + a. Is 14 a factor of y?
True
Suppose -21 = -2*n + 11. Is n/(-12)*(-27)/3 a multiple of 6?
True
Is 21 a factor of 7/(-5 - (-32)/6)?
True
Let u(o) = o**3 - 4*o**2 - 6*o + 7. Let y be u(5). Suppose 0 = y*n + m - 0*m - 50, -2*n - 2*m = -48. Suppose 0 = 3*a + 3*w - 9, 4*a - n = w - 9. Is a even?
True
Is ((-6)/(-4))/((-12)/(-32)) even?
True
Let d = 17 + -23. Let t(n) = -n**3 + n**2 + 7*n - 9. Let k(i) = -i**2 + 1. Let b(c) = -6*k(c) - t(c). Is b(d) a multiple of 9?
True
Suppose 5*y + 58 = 2*j, j + 8 = 4*y + 34. Suppose -4*g + 20 = i - j, 3*i + 20 = g. Does 7 divide g?
True
Suppose 4*f - 22 = 3*s, -4*s = f + 1 + 3. Let c be (-1)/(-4)*s*-6. Is 8 a factor of (2 - -17) + c + -1?
False
Let i(a) = a**3 - a + 1. Let o(l) = 2*l**3 - 9*l**2 - 10*l + 11. Let z(n) = -i(n) + o(n). Let g(u) = u - 1. Let c be g(11). Is z(c) a multiple of 10?
True
Let y(w) = -w**3 - w + 5. Let l be y(0). Suppose -5*k + 45 = 3*f, 19 = -l*f - 5*k + 94. Does 5 divide f?
True
Suppose -2*q - 31 = -5*i, 13 = i - 5*q - 7. Is 5 a factor of i?
True
Let o(p) be the first derivative of 3*p**2/2 - 2*p - 2. Let j(s) = -s**2 - 8*s - 1. Let b be j(-7). Is o(b) a multiple of 7?
False
Let o(a) = 3*a + 4. Let t be o(-3). Is (t - -1)/((-2)/23) a multiple of 23?
True
Let h(j) = -j**2 - 8*j - 5. Let k be h(-7). Suppose 2*u = -k*u + 228. Is u a multiple of 19?
True
Let m be (5 - -1 - 1) + -2. Suppose -110 = -2*c - m*c. Is c a multiple of 8?
False
Let j(m) = 26*m - 25. Is 16 a factor of j(3)?
False
Is 232/(-6)*(-66)/44 a multiple of 31?
False
Let r = -8 + 15. Suppose -3*s + 4*f = -17, -r*s + 3*f + 10 = -2*s. Is 4 a factor of 2 + s + 4 + -1?
True
Let h be (12/(-9))/((-6)/9). Suppose 0 = -3*x - h*x. Is 13 a factor of 40 + (x - 9/3)?
False
Is 4 a factor of (-2 + (-15)/(-6))/((-1)/(-152))?
True
Suppose -2*v = 3*d - 17, 2*d = 3*d - v - 14. Let r(u) = -u**2 + 9*u - 3. Let m be r(d). Let q = 11 + m. Does 7 divide q?
False
Suppose -4*n - 28 - 76 = 0. Is 13 a factor of (1/((-2)/n))/1?
True
Let l = 80 + -14. Is 11 a factor of l?
True
Let c be 3*(-1)/(-1)*1. Suppose -13 = -c*q + 2*q. Suppose -2*x + q = -3. Does 8 divide x?
True
Let b(n) = -n**3 - 9*n**2 + 6*n + 11. Is 11 a factor of b(-10)?
False
Does 9 divide ((-28)/10)/(4/(-140))?
False
Suppose -7*l + 4*l + 45 = 0. Is l a multiple of 3?
True
Does 12 divide (-18)/(-6) - 176/(-2)?
False
Suppose -2*j + 2 = -10. Let y = 2 + j. Does 4 divide y?
True
Let g(k) = -k**2 + 5*k + 4. Let y be g(6). Let v(h) = -h. Let n be v(y). Is (4 - -2)*1 - n a multiple of 2?
True
Let a = -1 - -5. Suppose 33 = 5*j + 4*o, -o + 33 = -0*j + a*j. Is j a multiple of 3?
True
Let l(g) be the second derivative of 5*g**3/6 + 5*g**2 + 2*g. Is l(7) a multiple of 20?
False
Suppose 0 = -4*b + 3*a - 2*a + 3, 0 = 3*b - 2*a - 6. Let u = b - 1. Is 8 a factor of (3/6)/(u/(-60))?
False
Let q(n) = n**3 - 7*n**2 + 4. Let s = -12 + 19. Let p be q(s). Suppose -p*x + 61 = 3*f, -2*f + 43 = 4*x + 1. Does 13 divide f?
False
Let b(q) = q**3 - 2*q**2 + 6*q - 8. Does 3 divide b(4)?
True
Suppose -d + 28 = 3*d. Suppose d*i = 2*i + 5. Is 4 a factor of (i - 0)*(-24)/(-6)?
True
Suppose 3*a = -a. Suppose 4*g = a, 2*x - 6*x + g = -12. Is 3 a factor of x?
True
Let s(h) = 62*h - 2. Let b be s(3). Let l = -213 - -87. Let p = b + l. Is p a multiple of 15?
False
Let y(g) = -g**2 + 7*g - 7. Let b be y(5). Suppose a - b = 5*z, -2*z = 2*a - 7*z - 6. Suppose 39 = a*v - 129. Does 17 divide v?
False
Let n be -1 + (12 - (1 + 1)). Let r(l) = l**2 - 6*l + 9. Is 18 a factor of r(n)?
True
Let z be (-20)/(-3)*(-6)/(-5). Let v = z - 9. Is 20 a factor of (v + 0)/1 - -27?
False
Let u(j) = j**3 + 5*j**2 - 7*j - 6. Let x be u(-6). Suppose z - 2*f - 12 = -x*z, 60 = 5*z + 3*f. Is 4 a factor of z?
True
Suppose -k + 94 = f, -7*f + k = -5*f - 203. Is f a multiple of 9?
True
Let z = -84 - -121. Let o = z + -9. Does 14 divide o?
True
Let a(m) = 9*m + 4. Let j(u) = 4*u + 2. Let w = -7 - -2. Let d(b) = w*j(b) + 2*a(b). Does 12 divide d(-7)?
True
Does 2 divide 24/9 + 4/(-6)?
True
Let q(m) = -31*m - 77. Is q(-11) a multiple of 12?
True
Suppose 5*o = 12 - 2. Let p(s) = 4*s - 3 - s + 10*s + o*s. Does 7 divide p(2)?
False
Suppose -2*b + 2 = -4. Is b a multiple of 3?
True
Suppose -7 = -4*c + 1. Let h be (-1 + c)/((-1)/(-39)). Let b = h + -18. Does 12 divide b?
False
Let n = -9 - -6. Let o = n - -6. Suppose -o*h + 85 = 2*h. Is h a multiple of 17?
True
Let m(b) = -3*b**3 + 9*b**2 + 7*b + 8. Let v(y) = 4*y**3 - 13*y**2 - 10*y - 12. Let n(g) = 7*m(g) + 5*v(g). Suppose 0 = 5*x + 6 + 9. Does 4 divide n(x)?
True
Let n = -1 + 4. Is 10 a factor of 5*n*2/3?
True
Let j(a) = 9*a**2 + a + 1. Is j(-2) a multiple of 10?
False
Suppose 5*u - 2*i - 10 = 0, 2*i = 3*u + u - 8. Suppose 4*n - u*n - 1308 = 0. Does 23 divide n/18 - (-4)/6?
False
Let g = 29 - 20. Is 9 a factor of g?
True
Let w(o) = o**2 - 8*o + 4. Let d be w(6). Let c(b) = -b + 1. Let h(z) = -2*z - 5. Let s(l) = 5*c(l) - h(l). Does 14 divide s(d)?
False
Suppose -5*q = -253 + 3. Is 8 a factor of q?
False
Suppose 0 = -4*z - w + 46, 0 = -w - 2. Is z a multiple of 4?
True
Suppose 2*h - 5*k - 63 = 0, -2*h + 10 = 3*k - 13. Is h a multiple of 2?
False
Suppose 4*s = 2*o + 7*s - 129, 0 = 5*o - 4*s - 311. Suppose w - 4*h = -2*w + 47, -4*w + o = -5*h. Let b = w - 7. Is b a multiple of 10?
True
Let q(x) = x**2 - 4*x - 10. Let o = 16 + -8. Does 9 divide q(o)?
False
Is (7/(-1) - -6)*(1 - 162) a multiple of 23?
True
Let b be (2 + -3 - -5) + 3. Let w(g) = g**2 + g + 10. Does 22 divide w(b)?
True
Suppose -